{"id":8,"date":"2025-08-06T11:12:36","date_gmt":"2025-08-06T11:12:36","guid":{"rendered":"https:\/\/vaihdaisannstg.wpenginepowered.com\/?page_id=8"},"modified":"2025-08-08T07:16:54","modified_gmt":"2025-08-08T07:16:54","slug":"elementor-8","status":"publish","type":"page","link":"https:\/\/www.vaihdaisannointi.fi\/","title":{"rendered":"Vaihda is\u00e4nn\u00f6inti"},"content":{"rendered":"\t\t<div data-elementor-type=\"wp-page\" data-elementor-id=\"8\" class=\"elementor elementor-8\" data-elementor-post-type=\"page\">\n\t\t\t\t<div class=\"elementor-element elementor-element-dd6a043 e-flex e-con-boxed e-con e-parent\" data-id=\"dd6a043\" data-element_type=\"container\" data-e-type=\"container\" data-settings=\"{&quot;background_background&quot;:&quot;classic&quot;}\">\n\t\t\t\t\t<div class=\"e-con-inner\">\n\t\t<div class=\"elementor-element elementor-element-773944b e-con-full e-flex e-con e-child\" data-id=\"773944b\" data-element_type=\"container\" data-e-type=\"container\">\n\t\t<div class=\"elementor-element elementor-element-bafc896 e-grid e-con-full e-con e-child\" data-id=\"bafc896\" data-element_type=\"container\" data-e-type=\"container\">\n\t\t<div class=\"elementor-element elementor-element-b826e26 e-con-full e-flex e-con e-child\" data-id=\"b826e26\" data-element_type=\"container\" data-e-type=\"container\">\n\t\t\t\t<div class=\"elementor-element elementor-element-a93e594 elementor-widget elementor-widget-heading\" data-id=\"a93e594\" data-element_type=\"widget\" data-e-type=\"widget\" data-widget_type=\"heading.default\">\n\t\t\t\t\t<h2 class=\"elementor-heading-title elementor-size-default\">Vaihda is\u00e4nn\u00f6inti \u2013 saat <br>\ntarjouksen tuossa tuokiossa<\/h2>\t\t\t\t<\/div>\n\t\t\t\t<div class=\"elementor-element elementor-element-4c57422 elementor-widget elementor-widget-text-editor\" data-id=\"4c57422\" data-element_type=\"widget\" data-e-type=\"widget\" data-widget_type=\"text-editor.default\">\n\t\t\t\t\t\t\t\t\tToimiva is\u00e4nn\u00f6inti tuo s\u00e4\u00e4st\u00f6j\u00e4, toimivat palvelut sek\u00e4 tyytyv\u00e4isen hallituksen ja taloyhti\u00f6n osakkaat. T\u00e4yt\u00e4 lomake ja saat selke\u00e4n vastauksen tutustuttavaksi.\t\t\t\t\t\t\t\t<\/div>\n\t\t\t\t<div class=\"elementor-element elementor-element-b1fff18 elementor-mobile-align-left elementor-widget-mobile__width-inherit elementor-widget elementor-widget-button\" data-id=\"b1fff18\" data-element_type=\"widget\" data-e-type=\"widget\" data-widget_type=\"button.default\">\n\t\t\t\t\t\t\t\t\t\t<a class=\"elementor-button elementor-button-link elementor-size-sm\" href=\"https:\/\/www.kirkkonummenhuolto.fi\/tarjouspyynto\/\" target=\"_blank\">\n\t\t\t\t\t\t<span class=\"elementor-button-content-wrapper\">\n\t\t\t\t\t\t\t\t\t<span class=\"elementor-button-text\">PYYD\u00c4 TARJOUS T\u00c4ST\u00c4<\/span>\n\t\t\t\t\t<\/span>\n\t\t\t\t\t<\/a>\n\t\t\t\t\t\t\t\t<\/div>\n\t\t\t\t<\/div>\n\t\t\t\t<\/div>\n\t\t\t\t<\/div>\n\t\t\t\t\t<\/div>\n\t\t\t\t<\/div>\n\t\t<div class=\"elementor-element elementor-element-a9232f9 e-flex e-con-boxed e-con e-parent\" data-id=\"a9232f9\" data-element_type=\"container\" data-e-type=\"container\">\n\t\t\t\t\t<div class=\"e-con-inner\">\n\t\t<div class=\"elementor-element elementor-element-6cc4b56 e-con-full e-flex e-con e-child\" data-id=\"6cc4b56\" data-element_type=\"container\" data-e-type=\"container\">\n\t\t\t\t<div class=\"elementor-element elementor-element-5cf536d elementor-widget elementor-widget-heading\" data-id=\"5cf536d\" data-element_type=\"widget\" data-e-type=\"widget\" data-widget_type=\"heading.default\">\n\t\t\t\t\t<h2 class=\"elementor-heading-title elementor-size-default\">Miksi vaihtaa is\u00e4nn\u00f6inti?<\/h2>\t\t\t\t<\/div>\n\t\t<div class=\"elementor-element elementor-element-bfbf13e e-grid e-con-full e-con e-child\" data-id=\"bfbf13e\" data-element_type=\"container\" data-e-type=\"container\">\n\t\t<div class=\"elementor-element elementor-element-0087131 e-con-full e-flex e-con e-child\" data-id=\"0087131\" data-element_type=\"container\" data-e-type=\"container\">\n\t\t\t\t<div class=\"elementor-element elementor-element-15d301f elementor-widget elementor-widget-image\" data-id=\"15d301f\" data-element_type=\"widget\" data-e-type=\"widget\" data-widget_type=\"image.default\">\n\t\t\t\t\t\t\t\t\t\t\t\t\t\t\t<img decoding=\"async\" width=\"40\" height=\"41\" src=\"https:\/\/www.vaihdaisannointi.fi\/wp-content\/uploads\/2025\/08\/tik-mark.png\" class=\"attachment-large size-large wp-image-12\" alt=\"\" \/>\t\t\t\t\t\t\t\t\t\t\t\t\t\t\t<\/div>\n\t\t\t\t<div class=\"elementor-element elementor-element-ef1a117 elementor-widget elementor-widget-heading\" data-id=\"ef1a117\" data-element_type=\"widget\" data-e-type=\"widget\" data-widget_type=\"heading.default\">\n\t\t\t\t\t<h2 class=\"elementor-heading-title elementor-size-default\">Parempaa palvelua ilman lis\u00e4laskutuksen aiheuttamia piilokuluja<\/h2>\t\t\t\t<\/div>\n\t\t\t\t<div class=\"elementor-element elementor-element-8ec95b2 elementor-widget elementor-widget-text-editor\" data-id=\"8ec95b2\" data-element_type=\"widget\" data-e-type=\"widget\" data-widget_type=\"text-editor.default\">\n\t\t\t\t\t\t\t\t\tTarkat tiedot kuluista, aikatauluista ja vastuunjaosta. Ei yll\u00e4tt\u00e4v\u00e4\u00e4 lis\u00e4laskutusta, joka nostaa kuukausittaista kulua suhteettomasti ilman ett\u00e4 voit itse siihen vaikuttaa.\t\t\t\t\t\t\t\t<\/div>\n\t\t\t\t<\/div>\n\t\t<div class=\"elementor-element elementor-element-511ac22 e-con-full e-flex e-con e-child\" data-id=\"511ac22\" data-element_type=\"container\" data-e-type=\"container\">\n\t\t\t\t<div class=\"elementor-element elementor-element-7a58193 elementor-widget elementor-widget-image\" data-id=\"7a58193\" data-element_type=\"widget\" data-e-type=\"widget\" data-widget_type=\"image.default\">\n\t\t\t\t\t\t\t\t\t\t\t\t\t\t\t<img decoding=\"async\" width=\"40\" height=\"41\" src=\"https:\/\/www.vaihdaisannointi.fi\/wp-content\/uploads\/2025\/08\/tik-mark.png\" class=\"attachment-large size-large wp-image-12\" alt=\"\" \/>\t\t\t\t\t\t\t\t\t\t\t\t\t\t\t<\/div>\n\t\t\t\t<div class=\"elementor-element elementor-element-282e684 elementor-widget elementor-widget-heading\" data-id=\"282e684\" data-element_type=\"widget\" data-e-type=\"widget\" data-widget_type=\"heading.default\">\n\t\t\t\t\t<h2 class=\"elementor-heading-title elementor-size-default\">Kustannustehokkuutta ja hallittua arkea<\/h2>\t\t\t\t<\/div>\n\t\t\t\t<div class=\"elementor-element elementor-element-74a8390 elementor-widget elementor-widget-text-editor\" data-id=\"74a8390\" data-element_type=\"widget\" data-e-type=\"widget\" data-widget_type=\"text-editor.default\">\n\t\t\t\t\t\t\t\t\tToimiva kiinte\u00e4hintainen is\u00e4nn\u00f6inti tuo s\u00e4\u00e4st\u00f6j\u00e4 ja helpottaa samalla hallituksen ty\u00f6t\u00e4. Te p\u00e4\u00e4t\u00e4tte, is\u00e4nn\u00f6itsij\u00e4 toimeenpanee ilman ett\u00e4 joka asiasta laskutetaan erikseen.\t\t\t\t\t\t\t\t<\/div>\n\t\t\t\t<\/div>\n\t\t<div class=\"elementor-element elementor-element-99b06a2 e-con-full e-flex e-con e-child\" data-id=\"99b06a2\" data-element_type=\"container\" data-e-type=\"container\">\n\t\t\t\t<div class=\"elementor-element elementor-element-97522f8 elementor-widget elementor-widget-image\" data-id=\"97522f8\" data-element_type=\"widget\" data-e-type=\"widget\" data-widget_type=\"image.default\">\n\t\t\t\t\t\t\t\t\t\t\t\t\t\t\t<img decoding=\"async\" width=\"40\" height=\"41\" src=\"https:\/\/www.vaihdaisannointi.fi\/wp-content\/uploads\/2025\/08\/tik-mark.png\" class=\"attachment-large size-large wp-image-12\" alt=\"\" \/>\t\t\t\t\t\t\t\t\t\t\t\t\t\t\t<\/div>\n\t\t\t\t<div class=\"elementor-element elementor-element-244a8e6 elementor-widget elementor-widget-heading\" data-id=\"244a8e6\" data-element_type=\"widget\" data-e-type=\"widget\" data-widget_type=\"heading.default\">\n\t\t\t\t\t<h2 class=\"elementor-heading-title elementor-size-default\">Helppo vaihto, hoidamme kaiken puolestasi<\/h2>\t\t\t\t<\/div>\n\t\t\t\t<div class=\"elementor-element elementor-element-5fbb4dd elementor-widget elementor-widget-text-editor\" data-id=\"5fbb4dd\" data-element_type=\"widget\" data-e-type=\"widget\" data-widget_type=\"text-editor.default\">\n\t\t\t\t\t\t\t\t\tVaihto hoidetaan alusta loppuun sovitusti. Mik\u00e4li taloyhti\u00f6ss\u00e4si halutaan siirty\u00e4 palveluun, joka ei sis\u00e4ll\u00e4 piilolaskutusta ja jossa asiat hoidetaan sovitusti ja viipym\u00e4tt\u00e4 sinun tarvitsee vain t\u00e4ytt\u00e4\u00e4 lomake ja saatuasi tarjouksen mietti\u00e4.\t\t\t\t\t\t\t\t<\/div>\n\t\t\t\t<\/div>\n\t\t\t\t<\/div>\n\t\t\t\t<\/div>\n\t\t\t\t\t<\/div>\n\t\t\t\t<\/div>\n\t\t<div class=\"elementor-element elementor-element-bc98336 e-flex e-con-boxed e-con e-parent\" data-id=\"bc98336\" data-element_type=\"container\" data-e-type=\"container\">\n\t\t\t\t\t<div class=\"e-con-inner\">\n\t\t<div class=\"elementor-element elementor-element-3a6cf0c e-con-full e-flex e-con e-child\" data-id=\"3a6cf0c\" data-element_type=\"container\" data-e-type=\"container\">\n\t\t\t\t<div class=\"elementor-element elementor-element-4899d79 elementor-widget elementor-widget-heading\" data-id=\"4899d79\" data-element_type=\"widget\" data-e-type=\"widget\" data-widget_type=\"heading.default\">\n\t\t\t\t\t<h2 class=\"elementor-heading-title elementor-size-default\">N\u00e4in asia etenee!<\/h2>\t\t\t\t<\/div>\n\t\t\t\t<\/div>\n\t\t\t\t\t<\/div>\n\t\t\t\t<\/div>\n\t\t<div class=\"elementor-element elementor-element-dec0ddd e-con-full e-flex e-con e-parent\" data-id=\"dec0ddd\" data-element_type=\"container\" data-e-type=\"container\">\n\t\t<div class=\"elementor-element elementor-element-be4937f e-con-full e-flex e-con e-child\" data-id=\"be4937f\" data-element_type=\"container\" data-e-type=\"container\" data-settings=\"{&quot;background_background&quot;:&quot;classic&quot;}\">\n\t\t\t\t<div class=\"elementor-element elementor-element-941cb6d elementor-widget elementor-widget-heading\" data-id=\"941cb6d\" data-element_type=\"widget\" data-e-type=\"widget\" data-widget_type=\"heading.default\">\n\t\t\t\t\t<h2 class=\"elementor-heading-title elementor-size-default\">Tarjouspyynt\u00f6<\/h2>\t\t\t\t<\/div>\n\t\t\t\t<div class=\"elementor-element elementor-element-73684ea elementor-widget elementor-widget-text-editor\" data-id=\"73684ea\" data-element_type=\"widget\" data-e-type=\"widget\" data-widget_type=\"text-editor.default\">\n\t\t\t\t\t\t\t\t\tT\u00e4yt\u00e4 lomake ja saat selke\u00e4n ehdotuksen is\u00e4nn\u00f6intipalveluista.\t\t\t\t\t\t\t\t<\/div>\n\t\t\t\t<div class=\"elementor-element elementor-element-2a4d8dc elementor-widget elementor-widget-heading\" data-id=\"2a4d8dc\" data-element_type=\"widget\" data-e-type=\"widget\" data-widget_type=\"heading.default\">\n\t\t\t\t\t<h2 class=\"elementor-heading-title elementor-size-default\">Tarjouksen hyv\u00e4ksynt\u00e4 ja hallituksen p\u00e4\u00e4t\u00f6s<\/h2>\t\t\t\t<\/div>\n\t\t\t\t<div class=\"elementor-element elementor-element-837c477 elementor-widget elementor-widget-text-editor\" data-id=\"837c477\" data-element_type=\"widget\" data-e-type=\"widget\" data-widget_type=\"text-editor.default\">\n\t\t\t\t\t\t\t\t\tMik\u00e4li ehdotuksemme ja tarjous vastaa taloyhti\u00f6si tarpeita, taloyhti\u00f6n hallitus tekee vaihtoa kokevan p\u00e4\u00e4t\u00f6ksen, jonka j\u00e4lkeen laaditaan sopimus.\t\t\t\t\t\t\t\t<\/div>\n\t\t\t\t<\/div>\n\t\t<div class=\"elementor-element elementor-element-095d3ad e-con-full e-flex e-con e-child\" data-id=\"095d3ad\" data-element_type=\"container\" data-e-type=\"container\" data-settings=\"{&quot;background_background&quot;:&quot;classic&quot;}\">\n\t\t\t\t<\/div>\n\t\t\t\t<\/div>\n\t\t<div class=\"elementor-element elementor-element-4d58e72 e-con-full e-flex e-con e-parent\" data-id=\"4d58e72\" data-element_type=\"container\" data-e-type=\"container\">\n\t\t<div class=\"elementor-element elementor-element-bcab7eb e-con-full e-flex e-con e-child\" data-id=\"bcab7eb\" data-element_type=\"container\" data-e-type=\"container\" data-settings=\"{&quot;background_background&quot;:&quot;classic&quot;}\">\n\t\t\t\t<\/div>\n\t\t<div class=\"elementor-element elementor-element-3d1abeb e-con-full e-flex e-con e-child\" data-id=\"3d1abeb\" data-element_type=\"container\" data-e-type=\"container\" data-settings=\"{&quot;background_background&quot;:&quot;classic&quot;}\">\n\t\t\t\t<div class=\"elementor-element elementor-element-aa29044 elementor-widget elementor-widget-heading\" data-id=\"aa29044\" data-element_type=\"widget\" data-e-type=\"widget\" data-widget_type=\"heading.default\">\n\t\t\t\t\t<h2 class=\"elementor-heading-title elementor-size-default\">Yhteydenotto ja kartoitus ja neuvottelu<\/h2>\t\t\t\t<\/div>\n\t\t\t\t<div class=\"elementor-element elementor-element-e18276c elementor-widget elementor-widget-text-editor\" data-id=\"e18276c\" data-element_type=\"widget\" data-e-type=\"widget\" data-widget_type=\"text-editor.default\">\n\t\t\t\t\t\t\t\t\tOtamme yhteytt\u00e4 ja k\u00e4ymme yhdess\u00e4 l\u00e4pi Sinun yhti\u00f6si tarpeet ja toiveet.\t\t\t\t\t\t\t\t<\/div>\n\t\t\t\t<div class=\"elementor-element elementor-element-77c74a8 elementor-widget elementor-widget-heading\" data-id=\"77c74a8\" data-element_type=\"widget\" data-e-type=\"widget\" data-widget_type=\"heading.default\">\n\t\t\t\t\t<h2 class=\"elementor-heading-title elementor-size-default\">Vaihto ja aloitus<\/h2>\t\t\t\t<\/div>\n\t\t\t\t<div class=\"elementor-element elementor-element-12cf843 elementor-widget elementor-widget-text-editor\" data-id=\"12cf843\" data-element_type=\"widget\" data-e-type=\"widget\" data-widget_type=\"text-editor.default\">\n\t\t\t\t\t\t\t\t\tHoidamme yhteydenpidon luovuttavaan is\u00e4nn\u00f6itsij\u00e4\u00e4n ja siirr\u00e4mme yhti\u00f6lle kuuluvat asiakirjat ja hallinnon puolestanne \u2013 ilman ett\u00e4 yhti\u00f6n hallituksen tarvitsee siihen osallistua \u2013 kuluitta tietysti.\t\t\t\t\t\t\t\t<\/div>\n\t\t\t\t<div class=\"elementor-element elementor-element-a09bd47 elementor-mobile-align-left elementor-widget-mobile__width-inherit elementor-widget elementor-widget-button\" data-id=\"a09bd47\" data-element_type=\"widget\" data-e-type=\"widget\" data-widget_type=\"button.default\">\n\t\t\t\t\t\t\t\t\t\t<a class=\"elementor-button elementor-button-link elementor-size-sm\" href=\"https:\/\/www.kirkkonummenhuolto.fi\/tarjouspyynto\/\" target=\"_blank\">\n\t\t\t\t\t\t<span class=\"elementor-button-content-wrapper\">\n\t\t\t\t\t\t\t\t\t<span class=\"elementor-button-text\">PYYD\u00c4 TARJOUS T\u00c4ST\u00c4<\/span>\n\t\t\t\t\t<\/span>\n\t\t\t\t\t<\/a>\n\t\t\t\t\t\t\t\t<\/div>\n\t\t\t\t<\/div>\n\t\t\t\t<\/div>\n\t\t<div class=\"elementor-element elementor-element-14da8de e-flex e-con-boxed e-con e-parent\" data-id=\"14da8de\" data-element_type=\"container\" data-e-type=\"container\">\n\t\t\t\t\t<div class=\"e-con-inner\">\n\t\t\t\t<div class=\"elementor-element elementor-element-088722e elementor-widget elementor-widget-heading\" data-id=\"088722e\" data-element_type=\"widget\" data-e-type=\"widget\" data-widget_type=\"heading.default\">\n\t\t\t\t\t<h5 class=\"elementor-heading-title elementor-size-default\">\u00a9 2025 Kirkkonummen Huolto Oy<\/h5>\t\t\t\t<\/div>\n\t\t\t\t\t<\/div>\n\t\t\t\t<\/div>\n\t\t\t\t<\/div>\n\t\t","protected":false},"excerpt":{"rendered":"<p>Vaihda is\u00e4nn\u00f6inti \u2013 saat tarjouksen tuossa tuokiossa Toimiva is\u00e4nn\u00f6inti tuo s\u00e4\u00e4st\u00f6j\u00e4, toimivat palvelut sek\u00e4 tyytyv\u00e4isen hallituksen ja taloyhti\u00f6n osakkaat. T\u00e4yt\u00e4 lomake ja saat selke\u00e4n vastauksen tutustuttavaksi. PYYD\u00c4 TARJOUS T\u00c4ST\u00c4 Miksi vaihtaa is\u00e4nn\u00f6inti? Parempaa palvelua ilman lis\u00e4laskutuksen aiheuttamia piilokuluja Tarkat tiedot kuluista, aikatauluista ja vastuunjaosta. Ei yll\u00e4tt\u00e4v\u00e4\u00e4 lis\u00e4laskutusta, joka nostaa kuukausittaista kulua suhteettomasti ilman ett\u00e4 voit [&hellip;]<\/p>\n","protected":false},"author":2,"featured_media":0,"parent":0,"menu_order":0,"comment_status":"closed","ping_status":"closed","template":"elementor_canvas","meta":{"footnotes":""},"class_list":["post-8","page","type-page","status-publish","hentry"],"_links":{"self":[{"href":"https:\/\/www.vaihdaisannointi.fi\/index.php?rest_route=\/wp\/v2\/pages\/8","targetHints":{"allow":["GET"]}}],"collection":[{"href":"https:\/\/www.vaihdaisannointi.fi\/index.php?rest_route=\/wp\/v2\/pages"}],"about":[{"href":"https:\/\/www.vaihdaisannointi.fi\/index.php?rest_route=\/wp\/v2\/types\/page"}],"author":[{"embeddable":true,"href":"https:\/\/www.vaihdaisannointi.fi\/index.php?rest_route=\/wp\/v2\/users\/2"}],"replies":[{"embeddable":true,"href":"https:\/\/www.vaihdaisannointi.fi\/index.php?rest_route=%2Fwp%2Fv2%2Fcomments&post=8"}],"version-history":[{"count":0,"href":"https:\/\/www.vaihdaisannointi.fi\/index.php?rest_route=\/wp\/v2\/pages\/8\/revisions"}],"wp:attachment":[{"href":"https:\/\/www.vaihdaisannointi.fi\/index.php?rest_route=%2Fwp%2Fv2%2Fmedia&parent=8"}],"curies":[{"name":"wp","href":"https:\/\/api.w.org\/{rel}","templated":true}]}}